{"id":428,"date":"2016-11-30T18:02:20","date_gmt":"2016-11-30T16:02:20","guid":{"rendered":"http:\/\/artal-group.com\/artal\/?page_id=428"},"modified":"2019-04-18T09:46:20","modified_gmt":"2019-04-18T07:46:20","slug":"nos-domaines-dexpertise","status":"publish","type":"page","link":"https:\/\/artal-group.com\/artal\/nos-domaines-dexpertise\/","title":{"rendered":""},"content":{"rendered":"<div id=\"pl-428\" class=\"panel-layout\">\n<div id=\"pg-428-0\" class=\"panel-grid panel-has-style\">\n<div class=\"siteorigin-panels-stretch panel-row-style panel-row-style-for-428-0\" style=\"padding: 50px 0\">\n<div id=\"pgc-428-0-0\" class=\"panel-grid-cell\">\n<div id=\"panel-428-0-0-0\" class=\"so-panel widget widget_sow-layout-slider panel-first-child panel-last-child\">\n<div style=\"text-align: left\" class=\"panel-widget-style panel-widget-style-for-428-0-0-0\">[siteorigin_widget class=\u00a0\u00bbSiteOrigin_Widget_LayoutSlider_Widget\u00a0\u00bb][\/siteorigin_widget]<\/div>\n<\/div>\n<\/div>\n<\/div>\n<\/div>\n<div id=\"pg-428-1\" class=\"panel-grid panel-has-style\">\n<div class=\"siteorigin-panels-stretch panel-row-style panel-row-style-for-428-1\" style=\"padding: 40px 0\">\n<div id=\"pgc-428-1-0\" class=\"panel-grid-cell\">\n<div id=\"panel-428-1-0-0\" class=\"so-panel widget widget_sow-headline panel-first-child panel-last-child\">\n<div style=\"text-align: left\" class=\"panel-widget-style panel-widget-style-for-428-1-0-0\">[siteorigin_widget class=\u00a0\u00bbSiteOrigin_Widget_Headline_Widget\u00a0\u00bb][\/siteorigin_widget]<\/div>\n<\/div>\n<\/div>\n<\/div>\n<\/div>\n<div id=\"pg-428-2\" class=\"panel-grid panel-has-style\">\n<div class=\"siteorigin-panels-stretch panel-row-style panel-row-style-for-428-2\" style=\"padding: 10px 0\">\n<div id=\"pgc-428-2-0\" class=\"panel-grid-cell\">\n<div id=\"panel-428-2-0-0\" class=\"so-panel widget widget_sow-icon panel-first-child\">\n<div style=\"text-align: left\" class=\"panel-widget-style panel-widget-style-for-428-2-0-0\">[siteorigin_widget class=\u00a0\u00bbSiteOrigin_Widget_Icon_Widget\u00a0\u00bb][\/siteorigin_widget]<\/div>\n<\/div>\n<div id=\"panel-428-2-0-1\" class=\"so-panel widget widget_sow-editor panel-last-child\">\n<div style=\"text-align: center\" class=\"panel-widget-style panel-widget-style-for-428-2-0-1\">\n<div class=\"so-widget-sow-editor so-widget-sow-editor-base\">\n<div class=\"siteorigin-widget-tinymce textwidget\">\n<p align=\"center|justify\">Syst\u00e8mes Embarqu\u00e9s<\/p>\n<\/div>\n<\/div>\n<\/div>\n<\/div>\n<\/div>\n<div id=\"pgc-428-2-1\" class=\"panel-grid-cell\">\n<div id=\"panel-428-2-1-0\" class=\"so-panel widget widget_sow-icon panel-first-child\">\n<div style=\"text-align: left\" class=\"panel-widget-style panel-widget-style-for-428-2-1-0\">[siteorigin_widget class=\u00a0\u00bbSiteOrigin_Widget_Icon_Widget\u00a0\u00bb][\/siteorigin_widget]<\/div>\n<\/div>\n<div id=\"panel-428-2-1-1\" class=\"so-panel widget widget_sow-editor panel-last-child\">\n<div style=\"text-align: center\" class=\"panel-widget-style panel-widget-style-for-428-2-1-1\">\n<div class=\"so-widget-sow-editor so-widget-sow-editor-base\">\n<div class=\"siteorigin-widget-tinymce textwidget\">\n<p align=\"center|justify\">Traitement de Donn\u00e9es<\/p>\n<\/div>\n<\/div>\n<\/div>\n<\/div>\n<\/div>\n<div id=\"pgc-428-2-2\" class=\"panel-grid-cell\">\n<div id=\"panel-428-2-2-0\" class=\"so-panel widget widget_sow-icon panel-first-child\">\n<div style=\"text-align: left\" class=\"panel-widget-style panel-widget-style-for-428-2-2-0\">[siteorigin_widget class=\u00a0\u00bbSiteOrigin_Widget_Icon_Widget\u00a0\u00bb][\/siteorigin_widget]<\/div>\n<\/div>\n<div id=\"panel-428-2-2-1\" class=\"so-panel widget widget_sow-editor panel-last-child\">\n<div style=\"text-align: center\" class=\"panel-widget-style panel-widget-style-for-428-2-2-1\">\n<div class=\"so-widget-sow-editor so-widget-sow-editor-base\">\n<div class=\"siteorigin-widget-tinymce textwidget\">\n<p align=\"center|justify\">Mobilit\u00e9<\/p>\n<\/div>\n<\/div>\n<\/div>\n<\/div>\n<\/div>\n<\/div>\n<\/div>\n<div id=\"pg-428-3\" class=\"panel-grid panel-has-style\">\n<div class=\"siteorigin-panels-stretch panel-row-style panel-row-style-for-428-3\" style=\"padding: 10px 0\">\n<div id=\"pgc-428-3-0\" class=\"panel-grid-cell panel-grid-cell-empty\"><\/div>\n<div id=\"pgc-428-3-1\" class=\"panel-grid-cell\">\n<div id=\"panel-428-3-1-0\" class=\"so-panel widget widget_sow-icon panel-first-child\">\n<div style=\"text-align: left\" class=\"panel-widget-style panel-widget-style-for-428-3-1-0\">[siteorigin_widget class=\u00a0\u00bbSiteOrigin_Widget_Icon_Widget\u00a0\u00bb][\/siteorigin_widget]<\/div>\n<\/div>\n<div id=\"panel-428-3-1-1\" class=\"so-panel widget widget_sow-editor panel-last-child\">\n<div style=\"text-align: center\" class=\"panel-widget-style panel-widget-style-for-428-3-1-1\">\n<div class=\"so-widget-sow-editor so-widget-sow-editor-base\">\n<div class=\"siteorigin-widget-tinymce textwidget\">\n<p align=\"center|justify\">Model Based Systems Engineering<\/p>\n<\/div>\n<\/div>\n<\/div>\n<\/div>\n<\/div>\n<div id=\"pgc-428-3-2\" class=\"panel-grid-cell panel-grid-cell-mobile-last\">\n<div id=\"panel-428-3-2-0\" class=\"so-panel widget widget_sow-icon panel-first-child\">\n<div style=\"text-align: left\" class=\"panel-widget-style panel-widget-style-for-428-3-2-0\">[siteorigin_widget class=\u00a0\u00bbSiteOrigin_Widget_Icon_Widget\u00a0\u00bb][\/siteorigin_widget]<\/div>\n<\/div>\n<div id=\"panel-428-3-2-1\" class=\"so-panel widget widget_sow-editor panel-last-child\">\n<div style=\"text-align: center\" class=\"panel-widget-style panel-widget-style-for-428-3-2-1\">\n<div class=\"so-widget-sow-editor so-widget-sow-editor-base\">\n<div class=\"siteorigin-widget-tinymce textwidget\">\n<p align=\"center|justify\">Ing\u00e9nierie Logicielle &amp; M\u00e9thodes<\/p>\n<\/div>\n<\/div>\n<\/div>\n<\/div>\n<\/div>\n<div id=\"pgc-428-3-3\" class=\"panel-grid-cell panel-grid-cell-empty\"><\/div>\n<\/div>\n<\/div>\n<div id=\"pg-428-4\" class=\"panel-grid panel-has-style\">\n<div class=\"siteorigin-panels-stretch panel-row-style panel-row-style-for-428-4\" style=\"padding: 100px 0\">\n<div id=\"pgc-428-4-0\" class=\"panel-grid-cell\">\n<div id=\"panel-428-4-0-0\" class=\"so-panel widget widget_sow-icon panel-first-child panel-last-child\">\n<div style=\"text-align: left\" class=\"panel-widget-style panel-widget-style-for-428-4-0-0\">[siteorigin_widget class=\u00a0\u00bbSiteOrigin_Widget_Icon_Widget\u00a0\u00bb][\/siteorigin_widget]<\/div>\n<\/div>\n<\/div>\n<div id=\"pgc-428-4-1\" class=\"panel-grid-cell\">\n<div id=\"panel-428-4-1-0\" class=\"so-panel widget widget_sow-editor panel-first-child panel-last-child\">\n<div style=\"text-align: left\" class=\"panel-widget-style panel-widget-style-for-428-4-1-0\">\n<div class=\"so-widget-sow-editor so-widget-sow-editor-base\">\n<h3 class=\"widget-title\">Syst\u00e8mes Embarqu\u00e9s<\/h3>\n<div class=\"siteorigin-widget-tinymce textwidget\">\n<p align=\"left|justify\">\nDepuis plus de dix ans, ARTAL Technologies intervient dans le domaine de l\u2019informatique industrielle pour la conception et le d\u00e9veloppement de syst\u00e8mes embarqu\u00e9s temps r\u00e9el communicants, de bancs de tests et d&rsquo;outils sp\u00e9cialis\u00e9s temps r\u00e9el.<\/p>\n<p>Notre exp\u00e9rience couvre l\u2019architecture des syst\u00e8mes embarqu\u00e9s multiprocesseurs, les logiciels temps r\u00e9el embarqu\u00e9s multi-t\u00e2ches, les principaux  RTOS du march\u00e9, la construction de distribution Linux embarqu\u00e9 sur mesure, les piles de protocoles r\u00e9seaux, les bancs de test.<\/p>\n<p>Nous pouvons vous aider pour :<br \/>\n\u2022 la conception et le d\u00e9veloppement de logiciels embarqu\u00e9s  temps r\u00e9el et leurs int\u00e9grations sur la cible hardware,<br \/>\n\u2022 le portage ou l\u2019adaptation de logiciels temps r\u00e9el embarqu\u00e9s dans le cadre de la r\u00e9novation du hardware de syst\u00e8mes,<br \/>\n\u2022 la conception et le d\u00e9veloppement de bancs de tests et d&rsquo;outils sp\u00e9cialis\u00e9s temps r\u00e9el.\n<\/p>\n<\/div>\n<\/div>\n<\/div>\n<\/div>\n<\/div>\n<\/div>\n<\/div>\n<div id=\"pg-428-5\" class=\"panel-grid panel-has-style\">\n<div class=\"siteorigin-panels-stretch panel-row-style panel-row-style-for-428-5\" style=\"padding: 100px 0\">\n<div id=\"pgc-428-5-0\" class=\"panel-grid-cell\">\n<div id=\"panel-428-5-0-0\" class=\"so-panel widget widget_sow-editor panel-first-child panel-last-child\">\n<div style=\"text-align: left\" class=\"panel-widget-style panel-widget-style-for-428-5-0-0\">\n<div class=\"so-widget-sow-editor so-widget-sow-editor-base\">\n<h3 class=\"widget-title\">Traitement de Donn\u00e9es<\/h3>\n<div class=\"siteorigin-widget-tinymce textwidget\">\n<p align=\"left|justify\">\nNotre domaine d\u2019expertise nous permet d\u2019adresser les probl\u00e9matiques de traitement de donn\u00e9es spatialis\u00e9es de fa\u00e7on transverse : de la mod\u00e9lisation \u00e0 l\u2019affichage en passant par le stockage, le traitement et la valorisation.\n<\/p>\n<\/div>\n<\/div>\n<\/div>\n<\/div>\n<\/div>\n<div id=\"pgc-428-5-1\" class=\"panel-grid-cell\">\n<div id=\"panel-428-5-1-0\" class=\"so-panel widget widget_sow-icon panel-first-child panel-last-child\">\n<div style=\"text-align: left\" class=\"panel-widget-style panel-widget-style-for-428-5-1-0\">[siteorigin_widget class=\u00a0\u00bbSiteOrigin_Widget_Icon_Widget\u00a0\u00bb][\/siteorigin_widget]<\/div>\n<\/div>\n<\/div>\n<\/div>\n<\/div>\n<div id=\"pg-428-6\" class=\"panel-grid panel-has-style\">\n<div style=\"padding: 100px 0\" class=\"panel-row-style panel-row-style-for-428-6\">\n<div id=\"pgc-428-6-0\" class=\"panel-grid-cell\">\n<div id=\"panel-428-6-0-0\" class=\"so-panel widget widget_sow-icon panel-first-child panel-last-child\">\n<div style=\"text-align: left\" class=\"panel-widget-style panel-widget-style-for-428-6-0-0\">[siteorigin_widget class=\u00a0\u00bbSiteOrigin_Widget_Icon_Widget\u00a0\u00bb][\/siteorigin_widget]<\/div>\n<\/div>\n<\/div>\n<div id=\"pgc-428-6-1\" class=\"panel-grid-cell\">\n<div id=\"panel-428-6-1-0\" class=\"so-panel widget widget_sow-editor panel-first-child panel-last-child\">\n<div style=\"text-align: left\" class=\"panel-widget-style panel-widget-style-for-428-6-1-0\">\n<div class=\"so-widget-sow-editor so-widget-sow-editor-base\">\n<h3 class=\"widget-title\">Mobilit\u00e9<\/h3>\n<div class=\"siteorigin-widget-tinymce textwidget\">\n<p align=\"left|justify\">\nA l\u2019heure o\u00f9 la mobilit\u00e9 est devenue incontournable, nos \u00e9quipes connaissent et ma\u00eetrisent les contraintes du d\u00e9veloppement mobile.  <\/p>\n<p>ARTAL Technologies vous accompagne dans la r\u00e9alisation de vos projets, quel que soit votre secteur d\u2019activit\u00e9 mais aussi de votre cible, et propose diff\u00e9rentes solutions web mobile et applications mobiles natives (IOS, Andro\u00efd, etc.) sur mesure, enti\u00e8rement adapt\u00e9es au support tant au niveau technique qu&rsquo;ergonomique.\n<\/p>\n<\/div>\n<\/div>\n<\/div>\n<\/div>\n<\/div>\n<\/div>\n<\/div>\n<div id=\"pg-428-7\" class=\"panel-grid panel-has-style\">\n<div class=\"siteorigin-panels-stretch panel-row-style panel-row-style-for-428-7\" style=\"padding: 100px 0\">\n<div id=\"pgc-428-7-0\" class=\"panel-grid-cell\">\n<div id=\"panel-428-7-0-0\" class=\"so-panel widget widget_sow-editor panel-first-child panel-last-child\">\n<div style=\"text-align: left\" class=\"panel-widget-style panel-widget-style-for-428-7-0-0\">\n<div class=\"so-widget-sow-editor so-widget-sow-editor-base\">\n<h3 class=\"widget-title\">Ing\u00e9ni\u00e9rie Logicielle &amp; M\u00e9thodes<\/h3>\n<div class=\"siteorigin-widget-tinymce textwidget\">\n<p align=\"left|justify\">\nARTAL Technologies a bas\u00e9 son d\u00e9veloppement sur la capitalisation de plus de 15 ans d\u2019exp\u00e9rience en ing\u00e9nierie syst\u00e8me et logicielle, et \u00e0 mis en place une usine logicielle regroupant l&rsquo;ensemble des m\u00e9thodes, process et outils n\u00e9cessaires au succ\u00e8s des projets confi\u00e9s par nos clients. <\/p>\n<p>Nous maitrisons donc les probl\u00e9matiques autour :<br \/>\n&#8211; des m\u00e9thodes (Agile, Cycle en V, etc.),<br \/>\n&#8211; de la gestion de configuration, des changements, des exigences,<br \/>\n&#8211; de l&rsquo;int\u00e9gration continue,<br \/>\n&#8211; de la gestion des tests, de la Validation et V\u00e9rification.\n<\/p>\n<\/div>\n<\/div>\n<\/div>\n<\/div>\n<\/div>\n<div id=\"pgc-428-7-1\" class=\"panel-grid-cell\">\n<div id=\"panel-428-7-1-0\" class=\"so-panel widget widget_sow-icon panel-first-child panel-last-child\">\n<div style=\"text-align: left\" class=\"panel-widget-style panel-widget-style-for-428-7-1-0\">[siteorigin_widget class=\u00a0\u00bbSiteOrigin_Widget_Icon_Widget\u00a0\u00bb][\/siteorigin_widget]<\/div>\n<\/div>\n<\/div>\n<\/div>\n<\/div>\n<div id=\"pg-428-8\" class=\"panel-grid panel-has-style\">\n<div class=\"siteorigin-panels-stretch panel-row-style panel-row-style-for-428-8\" style=\"padding: 100px 0\">\n<div id=\"pgc-428-8-0\" class=\"panel-grid-cell\">\n<div id=\"panel-428-8-0-0\" class=\"so-panel widget widget_sow-icon panel-first-child panel-last-child\">\n<div style=\"text-align: left\" class=\"panel-widget-style panel-widget-style-for-428-8-0-0\">[siteorigin_widget class=\u00a0\u00bbSiteOrigin_Widget_Icon_Widget\u00a0\u00bb][\/siteorigin_widget]<\/div>\n<\/div>\n<\/div>\n<div id=\"pgc-428-8-1\" class=\"panel-grid-cell\">\n<div id=\"panel-428-8-1-0\" class=\"so-panel widget widget_sow-editor panel-first-child panel-last-child\">\n<div style=\"text-align: left\" class=\"panel-widget-style panel-widget-style-for-428-8-1-0\">\n<div class=\"so-widget-sow-editor so-widget-sow-editor-base\">\n<h3 class=\"widget-title\">Model Based Systems Engineering<\/h3>\n<div class=\"siteorigin-widget-tinymce textwidget\">\n<p align=\"left|justify\">\nARTAL Technologies poss\u00e8de une r\u00e9elle expertise dans le domaine du d\u00e9veloppement d\u2019ateliers d\u2019ing\u00e9nierie orient\u00e9s mod\u00e8le, que ce soit pour de l\u2019ing\u00e9nierie syst\u00e8me (MBSE) ou pour des ing\u00e9nieries de sp\u00e9cialit\u00e9s (ex : analyse de performances). <\/p>\n<p>Ce savoir, ARTAL Technologies l\u2019a b\u00e2ti aux c\u00f4t\u00e9s d\u2019industriels prestigieux (Airbus, etc.) en les accompagnant dans leurs d\u00e9veloppements, au travers de contributions \u00e0 des outils ouverts (ex : Capella) mais aussi en construisant sa propre solution MDE pour la conception de moyens de test virtuels pour les syst\u00e8mes complexes. Forts de cette exp\u00e9rience, nous saurons vous aider \u00e0 construire l\u2019atelier d\u2019ing\u00e9nierie dont vous avez besoin.\n<\/p>\n<\/div>\n<\/div>\n<\/div>\n<\/div>\n<\/div>\n<\/div>\n<\/div>\n<\/div>\n<p><\/p>","protected":false},"excerpt":{"rendered":"<p>[siteorigin_widget class=\u00a0\u00bbSiteOrigin_Widget_LayoutSlider_Widget\u00a0\u00bb][\/siteorigin_widget] [siteorigin_widget class=\u00a0\u00bbSiteOrigin_Widget_Headline_Widget\u00a0\u00bb][\/siteorigin_widget] [siteorigin_widget class=\u00a0\u00bbSiteOrigin_Widget_Icon_Widget\u00a0\u00bb][\/siteorigin_widget] Syst\u00e8mes Embarqu\u00e9s [siteorigin_widget class=\u00a0\u00bbSiteOrigin_Widget_Icon_Widget\u00a0\u00bb][\/siteorigin_widget] Traitement de Donn\u00e9es [siteorigin_widget class=\u00a0\u00bbSiteOrigin_Widget_Icon_Widget\u00a0\u00bb][\/siteorigin_widget] Mobilit\u00e9 [siteorigin_widget class=\u00a0\u00bbSiteOrigin_Widget_Icon_Widget\u00a0\u00bb][\/siteorigin_widget] Model Based Systems Engineering [&hellip;]<\/p>\n","protected":false},"author":6,"featured_media":0,"parent":0,"menu_order":0,"comment_status":"closed","ping_status":"closed","template":"page-templates\/page_fullwidth.php","meta":{"ngg_post_thumbnail":0,"footnotes":""},"class_list":["post-428","page","type-page","status-publish","hentry"],"yoast_head":"<!-- This site is optimized with the Yoast SEO plugin v26.7 - https:\/\/yoast.com\/wordpress\/plugins\/seo\/ -->\n<title>- Artal technologies<\/title>\n<meta name=\"robots\" content=\"index, follow, max-snippet:-1, max-image-preview:large, max-video-preview:-1\" \/>\n<link rel=\"canonical\" href=\"https:\/\/artal-group.com\/artal\/nos-domaines-dexpertise\/\" \/>\n<meta property=\"og:locale\" content=\"fr_FR\" \/>\n<meta property=\"og:type\" content=\"article\" \/>\n<meta property=\"og:title\" content=\"- Artal technologies\" \/>\n<meta property=\"og:description\" content=\"[siteorigin_widget class=\u00a0\u00bbSiteOrigin_Widget_LayoutSlider_Widget\u00a0\u00bb][\/siteorigin_widget] [siteorigin_widget class=\u00a0\u00bbSiteOrigin_Widget_Headline_Widget\u00a0\u00bb][\/siteorigin_widget] [siteorigin_widget class=\u00a0\u00bbSiteOrigin_Widget_Icon_Widget\u00a0\u00bb][\/siteorigin_widget] Syst\u00e8mes Embarqu\u00e9s [siteorigin_widget class=\u00a0\u00bbSiteOrigin_Widget_Icon_Widget\u00a0\u00bb][\/siteorigin_widget] Traitement de Donn\u00e9es [siteorigin_widget class=\u00a0\u00bbSiteOrigin_Widget_Icon_Widget\u00a0\u00bb][\/siteorigin_widget] Mobilit\u00e9 [siteorigin_widget class=\u00a0\u00bbSiteOrigin_Widget_Icon_Widget\u00a0\u00bb][\/siteorigin_widget] Model Based Systems Engineering [&hellip;]\" \/>\n<meta property=\"og:url\" content=\"https:\/\/artal-group.com\/artal\/nos-domaines-dexpertise\/\" \/>\n<meta property=\"og:site_name\" content=\"Artal technologies\" \/>\n<meta property=\"article:modified_time\" content=\"2019-04-18T07:46:20+00:00\" \/>\n<meta name=\"twitter:card\" content=\"summary_large_image\" \/>\n<meta name=\"twitter:label1\" content=\"Dur\u00e9e de lecture estim\u00e9e\" \/>\n\t<meta name=\"twitter:data1\" content=\"3 minutes\" \/>\n<script type=\"application\/ld+json\" class=\"yoast-schema-graph\">{\"@context\":\"https:\/\/schema.org\",\"@graph\":[{\"@type\":\"WebPage\",\"@id\":\"https:\/\/artal-group.com\/artal\/nos-domaines-dexpertise\/\",\"url\":\"https:\/\/artal-group.com\/artal\/nos-domaines-dexpertise\/\",\"name\":\"- Artal technologies\",\"isPartOf\":{\"@id\":\"https:\/\/artal-group.com\/artal\/#website\"},\"datePublished\":\"2016-11-30T16:02:20+00:00\",\"dateModified\":\"2019-04-18T07:46:20+00:00\",\"inLanguage\":\"fr-FR\",\"potentialAction\":[{\"@type\":\"ReadAction\",\"target\":[\"https:\/\/artal-group.com\/artal\/nos-domaines-dexpertise\/\"]}]},{\"@type\":\"WebSite\",\"@id\":\"https:\/\/artal-group.com\/artal\/#website\",\"url\":\"https:\/\/artal-group.com\/artal\/\",\"name\":\"Artal technologies\",\"description\":\"There&#039;s a connection\",\"potentialAction\":[{\"@type\":\"SearchAction\",\"target\":{\"@type\":\"EntryPoint\",\"urlTemplate\":\"https:\/\/artal-group.com\/artal\/?s={search_term_string}\"},\"query-input\":{\"@type\":\"PropertyValueSpecification\",\"valueRequired\":true,\"valueName\":\"search_term_string\"}}],\"inLanguage\":\"fr-FR\"}]}<\/script>\n<!-- \/ Yoast SEO plugin. -->","yoast_head_json":{"title":"- Artal technologies","robots":{"index":"index","follow":"follow","max-snippet":"max-snippet:-1","max-image-preview":"max-image-preview:large","max-video-preview":"max-video-preview:-1"},"canonical":"https:\/\/artal-group.com\/artal\/nos-domaines-dexpertise\/","og_locale":"fr_FR","og_type":"article","og_title":"- Artal technologies","og_description":"[siteorigin_widget class=\u00a0\u00bbSiteOrigin_Widget_LayoutSlider_Widget\u00a0\u00bb][\/siteorigin_widget] [siteorigin_widget class=\u00a0\u00bbSiteOrigin_Widget_Headline_Widget\u00a0\u00bb][\/siteorigin_widget] [siteorigin_widget class=\u00a0\u00bbSiteOrigin_Widget_Icon_Widget\u00a0\u00bb][\/siteorigin_widget] Syst\u00e8mes Embarqu\u00e9s [siteorigin_widget class=\u00a0\u00bbSiteOrigin_Widget_Icon_Widget\u00a0\u00bb][\/siteorigin_widget] Traitement de Donn\u00e9es [siteorigin_widget class=\u00a0\u00bbSiteOrigin_Widget_Icon_Widget\u00a0\u00bb][\/siteorigin_widget] Mobilit\u00e9 [siteorigin_widget class=\u00a0\u00bbSiteOrigin_Widget_Icon_Widget\u00a0\u00bb][\/siteorigin_widget] Model Based Systems Engineering [&hellip;]","og_url":"https:\/\/artal-group.com\/artal\/nos-domaines-dexpertise\/","og_site_name":"Artal technologies","article_modified_time":"2019-04-18T07:46:20+00:00","twitter_card":"summary_large_image","twitter_misc":{"Dur\u00e9e de lecture estim\u00e9e":"3 minutes"},"schema":{"@context":"https:\/\/schema.org","@graph":[{"@type":"WebPage","@id":"https:\/\/artal-group.com\/artal\/nos-domaines-dexpertise\/","url":"https:\/\/artal-group.com\/artal\/nos-domaines-dexpertise\/","name":"- Artal technologies","isPartOf":{"@id":"https:\/\/artal-group.com\/artal\/#website"},"datePublished":"2016-11-30T16:02:20+00:00","dateModified":"2019-04-18T07:46:20+00:00","inLanguage":"fr-FR","potentialAction":[{"@type":"ReadAction","target":["https:\/\/artal-group.com\/artal\/nos-domaines-dexpertise\/"]}]},{"@type":"WebSite","@id":"https:\/\/artal-group.com\/artal\/#website","url":"https:\/\/artal-group.com\/artal\/","name":"Artal technologies","description":"There&#039;s a connection","potentialAction":[{"@type":"SearchAction","target":{"@type":"EntryPoint","urlTemplate":"https:\/\/artal-group.com\/artal\/?s={search_term_string}"},"query-input":{"@type":"PropertyValueSpecification","valueRequired":true,"valueName":"search_term_string"}}],"inLanguage":"fr-FR"}]}},"_links":{"self":[{"href":"https:\/\/artal-group.com\/artal\/wp-json\/wp\/v2\/pages\/428","targetHints":{"allow":["GET"]}}],"collection":[{"href":"https:\/\/artal-group.com\/artal\/wp-json\/wp\/v2\/pages"}],"about":[{"href":"https:\/\/artal-group.com\/artal\/wp-json\/wp\/v2\/types\/page"}],"author":[{"embeddable":true,"href":"https:\/\/artal-group.com\/artal\/wp-json\/wp\/v2\/users\/6"}],"replies":[{"embeddable":true,"href":"https:\/\/artal-group.com\/artal\/wp-json\/wp\/v2\/comments?post=428"}],"version-history":[{"count":31,"href":"https:\/\/artal-group.com\/artal\/wp-json\/wp\/v2\/pages\/428\/revisions"}],"predecessor-version":[{"id":1059,"href":"https:\/\/artal-group.com\/artal\/wp-json\/wp\/v2\/pages\/428\/revisions\/1059"}],"wp:attachment":[{"href":"https:\/\/artal-group.com\/artal\/wp-json\/wp\/v2\/media?parent=428"}],"curies":[{"name":"wp","href":"https:\/\/api.w.org\/{rel}","templated":true}]}}