{"id":54,"date":"2014-02-03T15:35:16","date_gmt":"2014-02-03T14:35:16","guid":{"rendered":"http:\/\/37.187.198.37\/artal\/?page_id=54"},"modified":"2023-03-01T15:17:11","modified_gmt":"2023-03-01T13:17:11","slug":"emplois","status":"publish","type":"page","link":"https:\/\/artal-group.com\/artal\/52-2\/emplois\/","title":{"rendered":""},"content":{"rendered":"<div id=\"pl-54\"  class=\"panel-layout\" >\n<div id=\"pg-54-0\"  class=\"panel-grid panel-has-style\"  data-style=\"{&quot;padding&quot;:&quot;50px&quot;,&quot;row_stretch&quot;:&quot;full-stretched&quot;,&quot;align&quot;:&quot;&quot;,&quot;overlay&quot;:&quot;&quot;,&quot;overlay_color&quot;:&quot;#000000&quot;}\" >\n<div class=\"siteorigin-panels-stretch panel-row-style panel-row-style-for-54-0\" style=\"padding: 50px 0; \" data-stretch-type=\"full-stretched\" data-overlay=\"true\" data-overlay-color=\"#000000\" >\n<div id=\"pgc-54-0-0\"  class=\"panel-grid-cell\"  data-weight=\"1\" >\n<div id=\"panel-54-0-0-0\" class=\"so-panel widget widget_sow-layout-slider panel-first-child panel-last-child\" data-index=\"0\" data-style=\"{&quot;background&quot;:&quot;#6a6a6a&quot;,&quot;background_image_attachment&quot;:false,&quot;background_display&quot;:&quot;tile&quot;,&quot;content_alignment&quot;:&quot;left&quot;,&quot;title_color&quot;:&quot;#443f3f&quot;,&quot;headings_color&quot;:&quot;#443f3f&quot;}\" >\n<div style=\"text-align: left;\" data-title-color=\"#443f3f\" data-headings-color=\"#443f3f\" class=\"panel-widget-style panel-widget-style-for-54-0-0-0\" >[siteorigin_widget class=\u00a0\u00bbSiteOrigin_Widget_LayoutSlider_Widget\u00a0\u00bb]<input type=\"hidden\" value=\"{&quot;instance&quot;:{&quot;frames&quot;:[{&quot;content&quot;:{&quot;widgets&quot;:[],&quot;grids&quot;:[],&quot;grid_cells&quot;:[]},&quot;background&quot;:{&quot;image&quot;:876,&quot;image_fallback&quot;:&quot;&quot;,&quot;image_type&quot;:&quot;cover&quot;,&quot;opacity&quot;:100,&quot;color&quot;:&quot;#6a6a6a&quot;,&quot;url&quot;:&quot;&quot;,&quot;so_field_container_state&quot;:&quot;open&quot;,&quot;new_window&quot;:false,&quot;videos&quot;:[]}},{&quot;content&quot;:{&quot;widgets&quot;:[],&quot;grids&quot;:[],&quot;grid_cells&quot;:[]},&quot;background&quot;:{&quot;image&quot;:877,&quot;image_fallback&quot;:&quot;&quot;,&quot;image_type&quot;:&quot;cover&quot;,&quot;opacity&quot;:100,&quot;color&quot;:&quot;#6a6a6a&quot;,&quot;url&quot;:&quot;&quot;,&quot;so_field_container_state&quot;:&quot;open&quot;,&quot;new_window&quot;:false,&quot;videos&quot;:[]}},{&quot;content&quot;:{&quot;widgets&quot;:[],&quot;grids&quot;:[],&quot;grid_cells&quot;:[]},&quot;background&quot;:{&quot;image&quot;:879,&quot;image_fallback&quot;:&quot;&quot;,&quot;image_type&quot;:&quot;cover&quot;,&quot;opacity&quot;:100,&quot;color&quot;:&quot;#6a6a6a&quot;,&quot;url&quot;:&quot;&quot;,&quot;so_field_container_state&quot;:&quot;open&quot;,&quot;new_window&quot;:false,&quot;videos&quot;:[]}},{&quot;content&quot;:{&quot;widgets&quot;:[],&quot;grids&quot;:[],&quot;grid_cells&quot;:[]},&quot;background&quot;:{&quot;image&quot;:878,&quot;image_fallback&quot;:&quot;&quot;,&quot;image_type&quot;:&quot;cover&quot;,&quot;opacity&quot;:100,&quot;color&quot;:&quot;#6a6a6a&quot;,&quot;url&quot;:&quot;&quot;,&quot;so_field_container_state&quot;:&quot;open&quot;,&quot;new_window&quot;:false,&quot;videos&quot;:[]}}],&quot;controls&quot;:{&quot;speed&quot;:2000,&quot;timeout&quot;:2000,&quot;nav_color_hex&quot;:&quot;#FFFFFF&quot;,&quot;nav_style&quot;:&quot;thin&quot;,&quot;nav_size&quot;:25,&quot;swipe&quot;:true,&quot;so_field_container_state&quot;:&quot;open&quot;},&quot;design&quot;:{&quot;height&quot;:&quot;350px&quot;,&quot;height_unit&quot;:&quot;px&quot;,&quot;padding&quot;:&quot;0px&quot;,&quot;padding_unit&quot;:&quot;px&quot;,&quot;extra_top_padding&quot;:&quot;0px&quot;,&quot;extra_top_padding_unit&quot;:&quot;px&quot;,&quot;padding_sides&quot;:&quot;0px&quot;,&quot;padding_sides_unit&quot;:&quot;px&quot;,&quot;width&quot;:&quot;1280px&quot;,&quot;width_unit&quot;:&quot;px&quot;,&quot;heading_color&quot;:&quot;#FFFFFF&quot;,&quot;heading_size&quot;:&quot;38px&quot;,&quot;heading_size_unit&quot;:&quot;px&quot;,&quot;heading_shadow&quot;:50,&quot;text_size&quot;:&quot;16px&quot;,&quot;text_size_unit&quot;:&quot;px&quot;,&quot;text_color&quot;:&quot;#F6F6F6&quot;,&quot;so_field_container_state&quot;:&quot;open&quot;},&quot;_sow_form_id&quot;:&quot;5847cca76ef96&quot;,&quot;_sow_form_timestamp&quot;:&quot;&quot;,&quot;so_sidebar_emulator_id&quot;:&quot;sow-layout-slider-5410000&quot;,&quot;option_name&quot;:&quot;widget_sow-layout-slider&quot;},&quot;args&quot;:{&quot;before_widget&quot;:&quot;&lt;div id=\\&quot;panel-54-0-0-0\\&quot; class=\\&quot;so-panel widget widget_sow-layout-slider panel-first-child panel-last-child\\&quot; data-index=\\&quot;0\\&quot; data-style=\\&quot;{&amp;quot;background&amp;quot;:&amp;quot;#6a6a6a&amp;quot;,&amp;quot;background_image_attachment&amp;quot;:false,&amp;quot;background_display&amp;quot;:&amp;quot;tile&amp;quot;,&amp;quot;content_alignment&amp;quot;:&amp;quot;left&amp;quot;,&amp;quot;title_color&amp;quot;:&amp;quot;#443f3f&amp;quot;,&amp;quot;headings_color&amp;quot;:&amp;quot;#443f3f&amp;quot;}\\&quot; &gt;&lt;div style=\\&quot;text-align: left;\\&quot; data-title-color=\\&quot;#443f3f\\&quot; data-headings-color=\\&quot;#443f3f\\&quot; class=\\&quot;panel-widget-style panel-widget-style-for-54-0-0-0\\&quot; &gt;&quot;,&quot;after_widget&quot;:&quot;&lt;\\\/div&gt;&lt;\\\/div&gt;&quot;,&quot;before_title&quot;:&quot;&lt;h3 class=\\&quot;widget-title\\&quot;&gt;&quot;,&quot;after_title&quot;:&quot;&lt;\\\/h3&gt;&quot;,&quot;widget_id&quot;:&quot;widget-0-0-0&quot;}}\" \/>[\/siteorigin_widget]<\/div>\n<\/div>\n<\/div>\n<\/div>\n<\/div>\n<div id=\"pg-54-1\"  class=\"panel-grid panel-has-style\"  data-style=\"{&quot;padding&quot;:&quot;40px&quot;,&quot;background&quot;:&quot;#6a6a6a&quot;,&quot;row_stretch&quot;:&quot;full&quot;,&quot;align&quot;:&quot;&quot;,&quot;overlay&quot;:&quot;&quot;,&quot;overlay_color&quot;:&quot;#000000&quot;}\" >\n<div class=\"siteorigin-panels-stretch panel-row-style panel-row-style-for-54-1\" style=\"padding: 40px 0; \" data-stretch-type=\"full\" data-overlay=\"true\" data-overlay-color=\"#000000\" >\n<div id=\"pgc-54-1-0\"  class=\"panel-grid-cell\"  data-weight=\"1\" >\n<div id=\"panel-54-1-0-0\" class=\"so-panel widget widget_sow-editor panel-first-child panel-last-child\" data-index=\"1\" data-style=\"{&quot;background_image_attachment&quot;:false,&quot;background_display&quot;:&quot;tile&quot;,&quot;content_alignment&quot;:&quot;left&quot;,&quot;title_color&quot;:&quot;#443f3f&quot;,&quot;headings_color&quot;:&quot;#ffffff&quot;}\" >\n<div style=\"text-align: left;\" data-title-color=\"#443f3f\" data-headings-color=\"#ffffff\" class=\"panel-widget-style panel-widget-style-for-54-1-0-0\" >\n<div\n\t\t\t\n\t\t\tclass=\"so-widget-sow-editor so-widget-sow-editor-base\"\n\t\t\t\n\t\t><\/p>\n<div class=\"siteorigin-widget-tinymce textwidget\">\n\t<\/div>\n<\/div>\n<\/div>\n<\/div>\n<\/div>\n<\/div>\n<\/div>\n<div id=\"pg-54-2\"  class=\"panel-grid panel-has-style\"  data-style=\"{&quot;row_stretch&quot;:&quot;full&quot;,&quot;align&quot;:&quot;&quot;,&quot;overlay&quot;:&quot;&quot;,&quot;overlay_color&quot;:&quot;#000000&quot;}\" >\n<div class=\"siteorigin-panels-stretch panel-row-style panel-row-style-for-54-2\" style=\"padding: 100px 0; \" data-stretch-type=\"full\" data-overlay=\"true\" data-overlay-color=\"#000000\" >\n<div id=\"pgc-54-2-0\"  class=\"panel-grid-cell\"  data-weight=\"0.5\" >\n<div id=\"panel-54-2-0-0\" class=\"so-panel widget widget_sow-editor panel-first-child panel-last-child\" data-index=\"2\" data-style=\"{&quot;background_image_attachment&quot;:false,&quot;background_display&quot;:&quot;tile&quot;,&quot;content_alignment&quot;:&quot;left&quot;,&quot;title_color&quot;:&quot;#443f3f&quot;,&quot;headings_color&quot;:&quot;#443f3f&quot;}\" >\n<div style=\"text-align: left;\" data-title-color=\"#443f3f\" data-headings-color=\"#443f3f\" class=\"panel-widget-style panel-widget-style-for-54-2-0-0\" >\n<div\n\t\t\t\n\t\t\tclass=\"so-widget-sow-editor so-widget-sow-editor-base\"\n\t\t\t\n\t\t><\/p>\n<div class=\"siteorigin-widget-tinymce textwidget\">\n<p><span style=\"color: #2bafd8; font-weight: bold;\">N\u2019h\u00e9sitez pas \u00e0 nous contacter. Nous recherchons plus particuli\u00e8rement :<\/span><\/p>\n<p><a href=\"https:\/\/artal-group.com\/artal\/wp-content\/uploads\/sites\/3\/2022\/01\/SAM-0122-Ingenieur-IVV-IVVQ-Navigation-Satellites.pdf\">Ing\u00e9nieur(e)&nbsp; IVV IVVQ Navigation Satellites<\/a><\/p>\n<p><a href=\"https:\/\/artal-group.com\/artal\/wp-content\/uploads\/sites\/3\/2020\/08\/Ing\u00e9nieure-IVV-ATM.pdf\">Ing\u00e9nieur(e) IVV ATM<\/a><\/p>\n<p><a href=\"https:\/\/artal-group.com\/artal\/wp-content\/uploads\/sites\/3\/2021\/07\/IED-C-ATM-SAM-0721-.pdf\">Ing\u00e9nieur(e) D\u00e9veloppement C++, navigation a\u00e9rienne<\/a><\/p>\n<p><a href=\"https:\/\/artal-group.com\/artal\/wp-content\/uploads\/sites\/3\/2020\/11\/IED-C-21-SAM.pdf\">Ing\u00e9nieur(e) D\u00e9veloppement C++, spatial<\/a><\/p>\n<p>&nbsp;<\/p>\n<p><strong><a href=\"https:\/\/act21.fr\/\">Act 21<\/a> (Filiale du groupe)<\/strong><\/p>\n<p><a href=\"https:\/\/artal-group.com\/artal\/wp-content\/uploads\/sites\/3\/2021\/11\/PF_Act21_Integrateur_Progiciel.pdf\">&#8211; Integrateur Progiciel H\/F<\/a><\/p>\n<p><a href=\"https:\/\/artal-group.com\/artal\/wp-content\/uploads\/sites\/3\/2021\/11\/PF_Act21_Chef-de-projet.pdf\">&#8211; Chef de projet logicielH\/F<\/a><\/p>\n<p><span style=\"color: #2bafd8; font-weight: bold;\">Candidatures<\/span><\/p>\n<p>Artal technologies faisant partie aujourd&rsquo;hui du groupe Magellium Artal Group, pour toute candidature : envoyez-nous vos CV (et lettres de motivation) \u00e0 <a href=\"mailto:recrutement@magellium.fr\">recrutement@magellium.fr <\/a><\/p>\n<p>A vos CVs !<\/p>\n<p>&nbsp;<\/p>\n<p>Index \u00e9galit\u00e9 hommes femmes 2022 non calculable :<\/p>\n<ul>\n<li>Indicateur \u00e9cart de r\u00e9mun\u00e9rations 2022 : non calculable<\/li>\n<li>Indicateur \u00e9cart de taux d&rsquo;augmentations individuelles 2022 : 35\/35<\/li>\n<li>Indicateur retour de cong\u00e9s maternit\u00e9 2022 : non calculable<\/li>\n<li>Indicateur hautes r\u00e9mun\u00e9rations 2022 : 5\/10<\/li>\n<\/ul>\n<p>&nbsp;<\/p>\n<\/div>\n<\/div>\n<\/div>\n<\/div>\n<\/div>\n<div id=\"pgc-54-2-1\"  class=\"panel-grid-cell\"  data-weight=\"0.5\" >\n<div id=\"panel-54-2-1-0\" class=\"so-panel widget widget_sow-image panel-first-child panel-last-child\" data-index=\"3\" data-style=\"{&quot;background_display&quot;:&quot;tile&quot;,&quot;content_alignment&quot;:&quot;left&quot;,&quot;title_color&quot;:&quot;#443f3f&quot;,&quot;headings_color&quot;:&quot;#443f3f&quot;}\" >\n<div style=\"text-align: left;\" data-title-color=\"#443f3f\" data-headings-color=\"#443f3f\" class=\"panel-widget-style panel-widget-style-for-54-2-1-0\" >[siteorigin_widget class=\u00a0\u00bbSiteOrigin_Widget_Image_Widget\u00a0\u00bb]<input type=\"hidden\" value=\"{&quot;instance&quot;:{&quot;image&quot;:836,&quot;image_fallback&quot;:&quot;&quot;,&quot;size&quot;:&quot;sydney-mas-thumb&quot;,&quot;align&quot;:&quot;center&quot;,&quot;title&quot;:&quot;&quot;,&quot;title_position&quot;:&quot;hidden&quot;,&quot;alt&quot;:&quot;&quot;,&quot;url&quot;:&quot;&quot;,&quot;bound&quot;:true,&quot;_sow_form_id&quot;:&quot;58457a36dc9d4&quot;,&quot;new_window&quot;:false,&quot;full_width&quot;:false,&quot;so_sidebar_emulator_id&quot;:&quot;sow-image-5410003&quot;,&quot;option_name&quot;:&quot;widget_sow-image&quot;},&quot;args&quot;:{&quot;before_widget&quot;:&quot;&lt;div id=\\&quot;panel-54-2-1-0\\&quot; class=\\&quot;so-panel widget widget_sow-image panel-first-child panel-last-child\\&quot; data-index=\\&quot;3\\&quot; data-style=\\&quot;{&amp;quot;background_display&amp;quot;:&amp;quot;tile&amp;quot;,&amp;quot;content_alignment&amp;quot;:&amp;quot;left&amp;quot;,&amp;quot;title_color&amp;quot;:&amp;quot;#443f3f&amp;quot;,&amp;quot;headings_color&amp;quot;:&amp;quot;#443f3f&amp;quot;}\\&quot; &gt;&lt;div style=\\&quot;text-align: left;\\&quot; data-title-color=\\&quot;#443f3f\\&quot; data-headings-color=\\&quot;#443f3f\\&quot; class=\\&quot;panel-widget-style panel-widget-style-for-54-2-1-0\\&quot; &gt;&quot;,&quot;after_widget&quot;:&quot;&lt;\\\/div&gt;&lt;\\\/div&gt;&quot;,&quot;before_title&quot;:&quot;&lt;h3 class=\\&quot;widget-title\\&quot;&gt;&quot;,&quot;after_title&quot;:&quot;&lt;\\\/h3&gt;&quot;,&quot;widget_id&quot;:&quot;widget-2-1-0&quot;}}\" \/>[\/siteorigin_widget]<\/div>\n<\/div>\n<\/div>\n<\/div>\n<\/div>\n<\/div>\n<p><\/p>","protected":false},"excerpt":{"rendered":"<p>[siteorigin_widget class=\u00a0\u00bbSiteOrigin_Widget_LayoutSlider_Widget\u00a0\u00bb][\/siteorigin_widget] N\u2019h\u00e9sitez pas \u00e0 nous contacter. Nous recherchons plus particuli\u00e8rement : Ing\u00e9nieur(e)&nbsp; IVV IVVQ Navigation Satellites Ing\u00e9nieur(e) IVV ATM Ing\u00e9nieur(e) D\u00e9veloppement [&hellip;]<\/p>\n","protected":false},"author":1,"featured_media":0,"parent":52,"menu_order":0,"comment_status":"closed","ping_status":"closed","template":"page-templates\/page_fullwidth.php","meta":{"ngg_post_thumbnail":0,"footnotes":""},"class_list":["post-54","page","type-page","status-publish","hentry"],"yoast_head":"<!-- This site is optimized with the Yoast SEO plugin v26.7 - https:\/\/yoast.com\/wordpress\/plugins\/seo\/ -->\n<title>- Artal technologies<\/title>\n<meta name=\"robots\" content=\"index, follow, max-snippet:-1, max-image-preview:large, max-video-preview:-1\" \/>\n<link rel=\"canonical\" href=\"https:\/\/artal-group.com\/artal\/52-2\/emplois\/\" \/>\n<meta property=\"og:locale\" content=\"fr_FR\" \/>\n<meta property=\"og:type\" content=\"article\" \/>\n<meta property=\"og:title\" content=\"- Artal technologies\" \/>\n<meta property=\"og:description\" content=\"[siteorigin_widget class=\u00a0\u00bbSiteOrigin_Widget_LayoutSlider_Widget\u00a0\u00bb][\/siteorigin_widget] N\u2019h\u00e9sitez pas \u00e0 nous contacter. Nous recherchons plus particuli\u00e8rement : Ing\u00e9nieur(e)&nbsp; IVV IVVQ Navigation Satellites Ing\u00e9nieur(e) IVV ATM Ing\u00e9nieur(e) D\u00e9veloppement [&hellip;]\" \/>\n<meta property=\"og:url\" content=\"https:\/\/artal-group.com\/artal\/52-2\/emplois\/\" \/>\n<meta property=\"og:site_name\" content=\"Artal technologies\" \/>\n<meta property=\"article:modified_time\" content=\"2023-03-01T13:17:11+00:00\" \/>\n<meta name=\"twitter:card\" content=\"summary_large_image\" \/>\n<meta name=\"twitter:label1\" content=\"Dur\u00e9e de lecture estim\u00e9e\" \/>\n\t<meta name=\"twitter:data1\" content=\"1 minute\" \/>\n<script type=\"application\/ld+json\" class=\"yoast-schema-graph\">{\"@context\":\"https:\/\/schema.org\",\"@graph\":[{\"@type\":\"WebPage\",\"@id\":\"https:\/\/artal-group.com\/artal\/52-2\/emplois\/\",\"url\":\"https:\/\/artal-group.com\/artal\/52-2\/emplois\/\",\"name\":\"- Artal technologies\",\"isPartOf\":{\"@id\":\"https:\/\/artal-group.com\/artal\/#website\"},\"datePublished\":\"2014-02-03T14:35:16+00:00\",\"dateModified\":\"2023-03-01T13:17:11+00:00\",\"inLanguage\":\"fr-FR\",\"potentialAction\":[{\"@type\":\"ReadAction\",\"target\":[\"https:\/\/artal-group.com\/artal\/52-2\/emplois\/\"]}]},{\"@type\":\"WebSite\",\"@id\":\"https:\/\/artal-group.com\/artal\/#website\",\"url\":\"https:\/\/artal-group.com\/artal\/\",\"name\":\"Artal technologies\",\"description\":\"There&#039;s a connection\",\"potentialAction\":[{\"@type\":\"SearchAction\",\"target\":{\"@type\":\"EntryPoint\",\"urlTemplate\":\"https:\/\/artal-group.com\/artal\/?s={search_term_string}\"},\"query-input\":{\"@type\":\"PropertyValueSpecification\",\"valueRequired\":true,\"valueName\":\"search_term_string\"}}],\"inLanguage\":\"fr-FR\"}]}<\/script>\n<!-- \/ Yoast SEO plugin. -->","yoast_head_json":{"title":"- Artal technologies","robots":{"index":"index","follow":"follow","max-snippet":"max-snippet:-1","max-image-preview":"max-image-preview:large","max-video-preview":"max-video-preview:-1"},"canonical":"https:\/\/artal-group.com\/artal\/52-2\/emplois\/","og_locale":"fr_FR","og_type":"article","og_title":"- Artal technologies","og_description":"[siteorigin_widget class=\u00a0\u00bbSiteOrigin_Widget_LayoutSlider_Widget\u00a0\u00bb][\/siteorigin_widget] N\u2019h\u00e9sitez pas \u00e0 nous contacter. Nous recherchons plus particuli\u00e8rement : Ing\u00e9nieur(e)&nbsp; IVV IVVQ Navigation Satellites Ing\u00e9nieur(e) IVV ATM Ing\u00e9nieur(e) D\u00e9veloppement [&hellip;]","og_url":"https:\/\/artal-group.com\/artal\/52-2\/emplois\/","og_site_name":"Artal technologies","article_modified_time":"2023-03-01T13:17:11+00:00","twitter_card":"summary_large_image","twitter_misc":{"Dur\u00e9e de lecture estim\u00e9e":"1 minute"},"schema":{"@context":"https:\/\/schema.org","@graph":[{"@type":"WebPage","@id":"https:\/\/artal-group.com\/artal\/52-2\/emplois\/","url":"https:\/\/artal-group.com\/artal\/52-2\/emplois\/","name":"- Artal technologies","isPartOf":{"@id":"https:\/\/artal-group.com\/artal\/#website"},"datePublished":"2014-02-03T14:35:16+00:00","dateModified":"2023-03-01T13:17:11+00:00","inLanguage":"fr-FR","potentialAction":[{"@type":"ReadAction","target":["https:\/\/artal-group.com\/artal\/52-2\/emplois\/"]}]},{"@type":"WebSite","@id":"https:\/\/artal-group.com\/artal\/#website","url":"https:\/\/artal-group.com\/artal\/","name":"Artal technologies","description":"There&#039;s a connection","potentialAction":[{"@type":"SearchAction","target":{"@type":"EntryPoint","urlTemplate":"https:\/\/artal-group.com\/artal\/?s={search_term_string}"},"query-input":{"@type":"PropertyValueSpecification","valueRequired":true,"valueName":"search_term_string"}}],"inLanguage":"fr-FR"}]}},"_links":{"self":[{"href":"https:\/\/artal-group.com\/artal\/wp-json\/wp\/v2\/pages\/54","targetHints":{"allow":["GET"]}}],"collection":[{"href":"https:\/\/artal-group.com\/artal\/wp-json\/wp\/v2\/pages"}],"about":[{"href":"https:\/\/artal-group.com\/artal\/wp-json\/wp\/v2\/types\/page"}],"author":[{"embeddable":true,"href":"https:\/\/artal-group.com\/artal\/wp-json\/wp\/v2\/users\/1"}],"replies":[{"embeddable":true,"href":"https:\/\/artal-group.com\/artal\/wp-json\/wp\/v2\/comments?post=54"}],"version-history":[{"count":120,"href":"https:\/\/artal-group.com\/artal\/wp-json\/wp\/v2\/pages\/54\/revisions"}],"predecessor-version":[{"id":1323,"href":"https:\/\/artal-group.com\/artal\/wp-json\/wp\/v2\/pages\/54\/revisions\/1323"}],"up":[{"embeddable":true,"href":"https:\/\/artal-group.com\/artal\/wp-json\/wp\/v2\/pages\/52"}],"wp:attachment":[{"href":"https:\/\/artal-group.com\/artal\/wp-json\/wp\/v2\/media?parent=54"}],"curies":[{"name":"wp","href":"https:\/\/api.w.org\/{rel}","templated":true}]}}